ermine u(-1).
114
Let f(m) = 18*m + 484. Calculate f(-25).
34
Let i(v) = -34*v**2 - 4*v - 5. Calculate i(-1).
-35
Let i(o) = -3*o**3 + 4*o**2 - o - 12. Calculate i(-2).
30
Let h(b) = -18*b - 59. Calculate h(7).
-185
Let t(m) = -m**2 - 7*m + 77. Give t(-12).
17
Let l(q) = -4*q**3 - 245*q**2 + 183*q - 188. What is l(-62)?
-2
Let k(v) = -948*v + 15171. Calculate k(16).
3
Let j(o) = 2*o**3 - 99*o**2 - 51*o - 96. What is j(50)?
-146
Let j(i) = -34*i - 1281. Give j(-38).
11
Let x(q) = -207*q - 143. Determine x(0).
-143
Let p(h) = 3*h**2 - 182*h + 112. What is p(59)?
-183
Let g(n) = -15*n - 310. Give g(-22).
20
Let t(l) = l**3 - 12*l**2 + 26*l - 287. Determine t(9).
-296
Let g(h) = -8*h**2 - 175*h + 21. What is g(-22)?
-1
Let f(n) = n**3 + 4*n**2 - 12*n - 31. Give f(-5).
4
Let b(k) = -5*k**2 + 27*k + 157. Determine b(-7).
-277
Let p(y) = -y**3 - 6*y**2 + y - 59. Determine p(-7).
-17
Let v(a) = -a**2 - 24*a + 120. Determine v(5).
-25
Let q(o) = o**2 - 69*o - 779. What is q(-10)?
11
Let o(u) = 15*u - 18. Give o(-4).
-78
Let w(q) = q**2 + 46*q + 418. Determine w(-13).
-11
Let f(r) = 2*r**3 + 184*r**2 + 2188*r + 57. Determine f(-14).
1
Let z(s) = -s**3 + 21*s**2 + 13*s - 189. Give z(21).
84
Let o(u) = -2*u**3 + 28*u**2 + 70*u - 96. What is o(17)?
-640
Let w(r) = 540*r + 2107. Give w(-4).
-53
Let l(f) = 13*f**3 + 56*f**2 + 29*f - 8. What is l(-3)?
58
Let t(g) = -g**3 - 9*g**2 + 10*g + 5. What is t(-10)?
5
Let f(x) = -x**3 + 4*x**2 + 6*x + 4. Give f(0).
4
Let o(w) = 1001*w - 4994. Give o(5).
11
Let z(l) = -11*l**2 + 20*l - 22. Give z(3).
-61
Let p(x) = 5*x - 109. Determine p(40).
91
Let q(k) = k**3 + 109*k**2 + 99*k - 979. Calculate q(-108).
-7
Let d(n) = 22*n - 4. What is d(-6)?
-136
Let o(z) = -z**2 + 20*z - 14. Calculate o(20).
-14
Let n(t) = t**3 - t**2 - 235*t - 126. Give n(16).
-46
Let q(m) = 2*m**2 + 10*m - 135. Give q(11).
217
Let b(t) = -t**3 + 245*t**2 - 4290*t - 71. Give b(19).
5
Let x(y) = -43*y - 2057. Calculate x(-50).
93
Let l(a) = 2*a**3 + 40*a**2 + 13*a + 242. Give l(-20).
-18
Let p(w) = w**3 + 14*w**2 - 172*w + 169. Give p(7).
-6
Let q(d) = -4*d**2 - 27*d + 7. Determine q(-7).
0
Let n(u) = -35*u**2 - 319*u - 11. Give n(-9).
25
Let w(f) = 22*f + 234. What is w(-8)?
58
Let s(g) = 2*g - 26. What is s(10)?
-6
Let v(a) = 442*a - 3996. What is v(9)?
-18
Let o(z) = z**3 - 39*z**2 + 75*z - 5. What is o(37)?
32
Let s(k) = -19*k**3 + 74*k**2 + 11*k - 2. Calculate s(4).
10
Let y(x) = -26*x + 344. What is y(13)?
6
Let q(t) = -39*t - 460. Determine q(-10).
-70
Let x(n) = 1974*n + 7902. Determine x(-4).
6
Let i(l) = 27*l + 124. What is i(-8)?
-92
Let v(g) = -60*g + 52. Calculate v(0).
52
Let d(r) = r**2 - 281. Determine d(0).
-281
Let d(p) = p**3 + 31*p**2 - 164*p + 630. Give d(-36).
54
Let d(n) = 8*n**2 + 161*n + 98. Calculate d(-19).
-73
Let u(m) = -3*m**3 + 364*m**2 + 248*m - 415. What is u(122)?
73
Let y(q) = 17*q**2 - 8093*q + 477. Give y(476).
1
Let p(l) = l**2 + 52*l + 251. What is p(-32)?
-389
Let f(s) = s**3 + 32*s**2 + 2*s + 53. Calculate f(-32).
-11
Let w(c) = c**2 - 8*c - 454. What is w(-19)?
59
Let v(t) = t**3 + 5*t**2 + 316*t + 1257. Calculate v(-4).
9
Let n(a) = 255*a + 4854. What is n(-19)?
9
Let n(l) = 11018*l - 209357. Give n(19).
-15
Let p(h) = 2*h**2 + 994*h + 37395. Calculate p(-456).
3
Let l(v) = 23*v + 1750. Give l(-104).
-642
Let k(b) = 9*b**2 - 56*b - 2247. What is k(-13)?
2
Let r(a) = -a**3 - 29*a**2 - 7*a - 68. Give r(-29).
135
Let m(k) = 2*k**2 - 38*k + 166. Give m(8).
-10
Let p(d) = 32*d**3 - 609*d**2 + 15*d + 79. Give p(19).
3
Let w(z) = -z**2 + 66*z + 2096. Give w(88).
160
Let o(q) = -q**2 - 126*q - 3965. What is o(-65)?
0
Let g(f) = 3105*f - 3072. What is g(1)?
33
Let c(u) = -u**2 - 15*u + 43. Give c(-20).
-57
Let o(a) = -2*a**3 + 4*a**2 + 83*a + 16. Give o(0).
16
Let w(k) = 2*k**3 + 27*k**2 + 114*k - 21. What is w(-7)?
-182
Let p(s) = 12*s**2 - 79*s - 723. Determine p(-8).
677
Let p(j) = 27*j**2 - 34*j - 35. Give p(-1).
26
Let r(k) = 2*k**3 - 24*k**2 + 24*k + 41. Determine r(9).
-229
Let r(a) = -a**3 - 15*a**2 + 99*a - 15. Give r(-20).
5
Let l(m) = -28*m - 52. Calculate l(0).
-52
Let h(r) = r**3 - 61*r**2 - 135*r + 282. Determine h(63).
-285
Let v(j) = -5*j**3 - 83*j**2 - 49*j - 22. What is v(-16)?
-6
Let c(s) = -21*s + 1405. What is c(65)?
40
Let g(i) = -i**2 + 84*i - 1284. Give g(64).
-4
Let l(y) = 6*y**2 - 10*y - 25. Determine l(9).
371
Let r(y) = 2*y**3 + 39*y**2 - 5*y + 331. Calculate r(-20).
31
Let x(v) = 32*v**2 - 386*v + 29. Give x(12).
5
Let p(n) = -26*n - 828. Give p(-31).
-22
Let o(z) = 25*z - 2221. Calculate o(95).
154
Let y(d) = 113*d - 12747. Determine y(113).
22
Let a(k) = -4*k**3 - k**2 + k - 17. What is a(-3)?
79
Let j(l) = -39*l + 40. Calculate j(3).
-77
Let u(g) = -3*g**2 + 108*g + 4638. Determine u(-25).
63
Let q(v) = 2*v**2 - 7*v - 6. Calculate q(3).
-9
Let d(z) = -z**2 + 3*z + 66. What is d(-6)?
12
Let a(q) = -10*q**2 + 51*q + 149. Determine a(-3).
-94
Let f(r) = -r**3 - 10*r**2 - 27*r - 19. Calculate f(-11).
399
Let t(u) = -u**3 + 35*u**2 - 35*u + 24. Give t(34).
-10
Let x(d) = 9*d + 404. Give x(-48).
-28
Let b(t) = 4*t**2 - 76*t - 1. Calculate b(19).
-1
Let a(d) = 22*d**2 - 157*d + 10. What is a(7)?
-11
Let a(b) = b**3 - 26*b**2 + 301*b - 6877. Calculate a(25).
23
Let l(b) = b**3 - 206*b**2 - 428*b + 2510. Calculate l(208).
14
Let q(w) = -6*w**3 - 225*w**2 - 114*w - 116. Determine q(-37).
-5
Let s(r) = 13*r**2 - 1084*r - 674. Determine s(84).
-2
Let w(x) = x**3 - 45*x**2 - 94*x - 27. What is w(47)?
-27
Let w(t) = -14*t - 171. Give w(-25).
179
Let m(w) = -w**2 + 25*w - 7. Determine m(8).
129
Let u(s) = -s**2 + 26*s + 2540. What is u(65)?
5
Let p(v) = -v**2 - 44*v + 1086. Determine p(-61).
49
Let m(x) = 1952*x + 31221. Calculate m(-16).
-11
Let x(j) = -j**3 - 24*j**2 - 142*j - 16. What is x(-18)?
596
Let s(r) = 2*r**3 + 98*r**2 - 21*r - 1005. Determine s(-49).
24
Let u(c) = -c**3 + 177*c**2 + 355*c + 538. Give u(179).
1
Let n(r) = -12*r - 167. What is n(-24)?
121
Let n(r) = 45*r + 579. Calculate n(-13).
-6
Let w(m) = -31*m**2 - 599*m - 22. What is w(-19)?
168
Let a(q) = q**3 - 2*q**2 - 29*q + 47. What is a(5)?
-23
Let f(p) = -54*p - 4680. Give f(-90).
180
Let s(b) = -12*b + 388. Give s(25).
88
Let m(i) = -i**3 + 15*i**2 - 22*i + 35. What is m(13)?
87
Let s(r) = 213*r + 20. Give s(1).
233
Let o(z) = -33*z**2 + 299*z - 2. What is o(9)?
16
Let w(u) = -839*u + 40282. What is w(48)?
10
Let z(j) = -165*j + 727. Give z(4).
67
Let m(j) = 11*j - 203. What is m(18)?
-5
Let z(w) = 2*w**2 + 91*w - 1819. Give z(15).
-4
Let p(l) = -14*l - 719. Calculate p(-49).
-33
Let o(l) = -l + 260. What is o(33)?
227
Let c(i) = 46*i**2 - 85*i - 4. Determine c(3).
155
Let g(y) = 3*y**2 + 77*y - 239. Give g(3).
19
Let l(s) = -3*s**3 - 247*s**2 + 147*s - 1406. Give l(-83).
171
Let f(v) = 3*v**2 - 203*v + 107. What is f(67)?
-27
Let y(q) = -77*q - 37. Calculate y(-3).
194
Let d(l) = -188*l + 1465. Determine d(8).
-39
Let q(a) = -33*a - 1967. Determine q(-58).
-53
Let i(r) = -2*r**2 - 24*r - 53. Calculate i(-9).
1
Let u(a) = 7*a**3 + 96*a**2 - 13*a + 81. Calculate u(-14).
-129
Let d(j) = 6*j + 235. Give d(-40).
-5
Let y(c) = -c**3 + 23*c**2 + 45*c + 181. Give y(25).
56
Let l(i) = i**3 + 68*i**2 + 300*i - 950. What is l(-63)?
-5
Let z(g) = -10*g**2 + 10*g. Give z(-3).
-120
Let a(t) = -89*t - 6838. What is a(-77)?
15
Let z(c) = -c**2 + 62*c + 704. Give z(72).
-16
Let k(r) = -3*r**2 + 806*r - 4793. Calculate k(6).
-65
Let j(p) = -2*p**2 + 15*p - 20. Determine j(7).
-13
Let n(j) = j**3 - 20*j**2 - 8*j + 476. Give n(19).
-37
Let a(w) = -212*w + 37738. Determine a(178).
2
Let u(b) = -b**2 - 14*b - 64. Give u(-5).
-19
Let w(s) = 88*s - 26. Calculate w(0).
-26
Let a(v) = -3*v**2 - 111*v - 661. What is a(-6)?
-103
Let y(t) = -3*t**2 + 61*t - 346. Determine y(6).
-88
Let x(i) = -2*i + 153. What is x(119)?
-85
Let w(l) = l**3 + 34*l**2 - 431*l + 397. What is w(-44)?
1
Let y(i) = -8*i**2 + 44*i + 192. Determine y(-4).
-112
Let n(a) = 56*a**2 - 1177*a + 7. Determine n(21).
-14
Let v(d) = -19*d + 833. What is v(45)?
-22
Let u(j) = -j**3 + 178*j**2 + 1485*j - 23. Give u(-8).
1
Let y(d) = 25*d + 266. Give y(-10).
16
Let j(p) = -9*p**3 + 8*p**2 + 5*p + 7. Determine j(-3).
307
Let q(f) = -34*f**2 - 1313*f - 795. Give q(-38).
3
Let x(m) = 5*m*